.
10100110011001001
-7236 (base 8) to base 11
-28a2
Convert -3130 (base 7) to base 13.
-667
What is 124446 (base 7) in base 14?
865d
145144 (base 7) to base 2
110111000101111
Convert 2402 (base 10) to base 4.
211202
What is -10442 (base 6) in base 12?
-a22
What is 2786 (base 9) in base 6?
13423
-110111111111000 (base 2) to base 8
-67770
Convert 15a2 (base 11) to base 4.
200000
What is -533 (base 10) in base 6?
-2245
What is -12876 (base 9) in base 16?
-2220
What is -1ce (base 15) in base 2?
-110100011
Convert -9606 (base 10) to base 6.
-112250
-11370 (base 8) to base 13
-2297
-6065 (base 10) to base 4
-1132301
Convert 10886 (base 10) to base 4.
2222012
Convert -421 (base 12) to base 8.
-1131
Convert -2355 (base 6) to base 14.
-2d1
873 (base 11) to base 6
4504
Convert 39127 (base 10) to base 7.
222034
Convert -10f (base 16) to base 9.
-331
Convert -21332202 (base 4) to base 5.
-2301431
19679 (base 10) to base 4
10303133
-13040 (base 5) to base 13
-606
Convert -101022 (base 3) to base 5.
-2103
What is -19d34 (base 14) in base 2?
-10000000010101010
What is 115b (base 12) in base 6?
12555
What is 72111 (base 8) in base 9?
44746
Convert 338 (base 16) to base 11.
68a
Convert -403133 (base 5) to base 8.
-31166
Convert 7736 (base 8) to base 12.
2426
What is 4310 (base 13) in base 2?
10010001011100
Convert -313 (base 10) to base 3.
-102121
Convert -233330 (base 5) to base 15.
-282a
What is -2207 (base 16) in base 11?
-65aa
Convert 275 (base 11) to base 16.
144
Convert -3022 (base 5) to base 11.
-322
13541 (base 6) to base 11
1684
Convert -54423 (base 7) to base 2.
-11010100010110
Convert 141445 (base 7) to base 3.
1101000101
Convert -1022121 (base 3) to base 2.
-1111000001
What is 149 (base 12) in base 15?
d6
-1057 (base 14) to base 11
-2135
What is 236 (base 11) in base 13?
188
What is 2408 (base 10) in base 2?
100101101000
-5e6 (base 16) to base 4
-113212
What is 2515 (base 10) in base 15?
b2a
What is 2283 (base 12) in base 5?
110333
Convert 210614 (base 7) to base 8.
106740
What is 4a5f (base 16) in base 2?
100101001011111
Convert 61a1 (base 13) to base 9.
20440
What is -4bc8 (base 15) in base 11?
-11164
Convert 221002 (base 3) to base 2.
1010100101
-444 (base 6) to base 13
-103
-3da5 (base 14) to base 16
-2aad
What is 100101000111101 (base 2) in base 5?
1102010
267 (base 8) to base 10
183
Convert -354 (base 8) to base 13.
-152
What is -1478 (base 9) in base 15?
-4ee
Convert 167 (base 14) to base 5.
2122
-133140 (base 5) to base 10
-5420
What is 4222 (base 10) in base 14?
1778
What is 22210122 (base 3) in base 9?
8718
-42265 (base 8) to base 6
-213233
20112 (base 8) to base 12
494a
Convert 1330243 (base 5) to base 15.
7eb8
2309 (base 12) to base 5
111042
What is 1225 (base 6) in base 11?
258
Convert 285 (base 9) to base 5.
1424
Convert 2009 (base 13) to base 12.
266b
Convert -7192 (base 10) to base 13.
-3373
Convert -200300 (base 6) to base 10.
-15660
What is -37 (base 14) in base 9?
-54
37269 (base 10) to base 12
19699
Convert 11211 (base 5) to base 16.
326
Convert -352 (base 8) to base 10.
-234
1771 (base 8) to base 2
1111111001
What is -aa0 (base 16) in base 8?
-5240
What is -4433 (base 8) in base 5?
-33311
-4020 (base 6) to base 15
-3d6
What is -188 (base 13) in base 3?
-101102
What is 1146 (base 7) in base 9?
523
What is 18872 (base 9) in base 16?
3332
What is 30 (base 13) in base 10?
39
393 (base 11) to base 10
465
Convert 1120 (base 6) to base 11.
220
-5002 (base 9) to base 12
-213b
-1365 (base 10) to base 11
-1031
What is 192a (base 11) in base 8?
4624
14431 (base 8) to base 9
8728
-10100001110100 (base 2) to base 12
-5bb0
Convert 3025 (base 6) to base 8.
1231
What is 25316 (base 9) in base 14?
62c1
What is -111100 (base 3) in base 15?
-190
Convert -2101 (base 6) to base 16.
-1d5
1ba4 (base 12) to base 15
1041
-7221 (base 10) to base 15
-2216
-10000000111111 (base 2) to base 6
-102115
Convert -1001011010000011 (base 2) to base 11.
-26a49
What is -1014304 (base 5) in base 3?
-212002022
-343 (base 8) to base 10
-227
-598 (base 11) to base 6
-3144
Convert 1cac (base 14) to base 5.
131443
What is -3d04 (base 16) in base 5?
-444440
What is a0a (base 11) in base 15?
565
Convert 214122 (base 6) to base 12.
a342
194 (base 14) to base 6
1302
265 (base 8) to base 4
2311
Convert 12120112 (base 4) to base 5.
1314014
11121 (base 5) to base 4
30102
What is -2130220 (base 4) in base 2?
-10011100101000
Convert 47c9 (base 13) to base 4.
2132120
Convert 17314 (base 11) to base 15.
7326
110020 (base 5) to base 15
11aa
11011101000000 (base 2) to base 13
6590
Convert 389 (base 10) to base 13.
23c
1001000101 (base 3) to base 8
47706
-1c04 (base 13) to base 14
-1781
What is -1013121 (base 4) in base 11?
-3484
What is 37632 (base 8) in base 4?
3332122
Convert -8275 (base 9) to base 4.
-1132232
Convert -644 (base 7) to base 11.
-277
What is 100043 (base 5) in base 14?
120c
What is 444 (base 11) in base 16?
214
-1000100111010 (base 2) to base 12
-2676
What is 5227 (base 15) in base 4?
10033102
1110100011 (base 2) to base 11
777
Convert -4509 (base 10) to base 4.
-1012131
2281 (base 13) to base 10
4837
5399 (base 15) to base 11
12326
-1021012200 (base 3) to base 2
-110000101101011
Convert 1002201022 (base 3) to base 5.
1143122
What is -35542 (base 9) in base 11?
-16950
Convert 135355 (base 6) to base 13.
5b34
What is 10661 (base 7) in base 2?
101010110010
Convert -21040 (base 5) to base 11.
-1059
Convert 2d3 (base 14) to base 12.
401
What is 252 (base 16) in base 2?
1001010010
Convert -274 (base 14) to base 13.
-2c0
Convert 102000 (base 5) to base 7.
12561
What is 4459 (base 16) in base 6?
213001
What is 44ab (base 15) in base 16?
38e1
What is 1664 (base 12) in base 5?
41133
-2075 (base 11) to base 10
-2744
8901 (base 10) to base 12
5199
What is -1001021 (base 3) in base 8?
-1373
Convert -173 (base 15) to base 14.
-19b
Convert 2302122 (base 4) to base 12.
6736
Convert -12024 (base 5) to base 16.
-379
11110 (base 5) to base 7
2163
What is -16333 (base 9) in base 6?
-123520
What is -504 (base 8) in base 6?
-1300
2218 (base 14) to base 9
8077
118 (base 11) to base 16
8c
What is -356 (base 9) in base 7?
-600
-30101 (base 7) to base 11
-54a4
-20320 (base 11) to base 6
-345203
-100111101010 (base 2) to base 14
-cd4
Convert 772 (base 11) to base 7.
2462
65b (base 15) to base 16
59c
158 (base 9) to base 7
251
Convert -1120 (base 3) to base 10.
-42
What is -10660 (base 9) in base 4?
-1232331
Convert -d73 (base 14) to base 5.
-41044
Convert 12211 (base 6) to base 4.
130033
854 (base 10) to base 4
31112
Convert 22005 (base 11) to base 6.
403525
Convert -134 (base 7) to base 13.
-59
114321 (base 5) to base 6
32024
4b (base 15) to base 6
155
What is -13210202 (base 4) in base 3?
-1120112112
What is 62 (base 16) in base 7?
200
What is -10494 (base 10) in base 15?
-3199
Convert -154 (base 15) to base 4.
-10300
Convert 930 (base 11) to base 2.
10001100010
-101000000010 (base 2) to base 4
-220002
-144a (base 13) to base 4
-231313
What is 10101111 (base 2) in base 11?
14a
What is 3018 (base 11) in base 10?
4012
What is -64973 (base 10) in base 15?
-143b8
What is 305 (base 6) in base 5?
423
-1234 (base 14) to base 16
-c6e
3138 (base 11) to base 13
1b78
What is -3eda (base 15) in base 14?
-4cac
Convert 4012 (base 5) to base 15.
23c
Convert -1000000000000 (base 2) to base 3.
-12121201
What is -220312 (base 4) in base 3?
-10120211
What is 11233 (base 6) in base 10?
1605
What is -b314 (base 16) in base 8?
-131424
What is -2116 (base 11) in base 15?
-c6a
255523 (base 7) to base 2
1011100111101100
What is 1000100100 (base 2) in base 6?
2312
What is -33f (base 16) in base 4?
-30333
-468 (base 13) to base 14
-3c6
Convert -11136 (base 7) to base 16.
-b04
What is 100111000 (base 2) in base 13?
1b0
-1287 (base 12) to base 6
-13451
Convert 1d7 (base 15) to base 14.
227
1335 (base 11) to base 6
12004
-3414 (base 13) to base 6
-53420
Convert 1506 (base 10) to base 13.
8bb
Convert a267 (base 14) to base 15.
8418
1690 (base 10) to base 2
11010011010
What is -135a9 (base 14) in base 7?
-256202
3772 (base 9) to base 15
c7e
Convert -b9 (base 16) to base 8.
-271
10745 (base 9) to base 11
5428
11052 (base 6) to base 12
a88
What is 111011011 (base 2) in base 12?
337
-3131 (base 5) to base 16
-1a0
Conver